est common divisor of m and 15?
3
Suppose -5*b + 1 = q - 74, b - 2*q = 26. Calculate the greatest common factor of 12 and b.
4
Suppose y - 2 = 0, 2*q + 3*y = 5 + 11. Calculate the highest common divisor of q and 15.
5
Let c(g) = -g**2 - 2*g - 3. Suppose 5*l = -3*j - 0*j, -4*j = l - 17. Let v be c(l). Let h be (2/v - -1)*84. Calculate the highest common divisor of 7 and h.
7
Let l be 6/15*35/1. Calculate the highest common factor of l and 56.
14
Let o(h) = h**3 - 7*h**2 - 2*h - 8. Let m be o(9). What is the highest common divisor of 17 and m?
17
Let k(r) = -7*r + 4. Let a be k(3). Suppose 0 = -5*q - 3 - 172. Let f = a - q. What is the highest common factor of 3 and f?
3
Suppose 5*r - 66 = -26. Let j = -576 - -331. Let l = r - j. Calculate the greatest common factor of l and 23.
23
Let v = -3 - -48. What is the highest common factor of v and 5?
5
Suppose -3*z + 6 = 3*q, 0*q = 5*q - 5*z. Suppose -4*a = -13 + q. Let y = a - -10. What is the greatest common factor of 117 and y?
13
Suppose 2*u - u - 191 = 4*l, -l = 5. What is the greatest common divisor of 19 and u?
19
Let k be 4/6 + 4/(-6). Suppose 2*n + 80 = 3*x - k*n, 4*x + n = 92. Let u = 30 - 27. Calculate the greatest common divisor of u and x.
3
Suppose -9 = 3*c + 3. Let r = c + 6. Let p be r + 57 - 2 - 1. What is the greatest common divisor of p and 8?
8
Suppose 0 = -5*p - 3*c + 2*c + 5, -2*p + 4*c + 24 = 0. Let k(i) = -i**3 + 5*i**p + 4 - i + i. Let s be k(5). Calculate the greatest common factor of 36 and s.
4
Let b(l) = -l + 9. Let n be b(12). Let i be 12 + ((-27)/n)/3. What is the highest common divisor of i and 15?
15
Suppose 7*u - r - 26 = 2*u, u - 4*r - 9 = 0. Suppose -5*y = u*z, -6*y + y = 0. Suppose z*t - 5*t = -35. What is the highest common divisor of 7 and t?
7
Let k = -237 - -424. Suppose -21 = -t + 4*p, 7*t - 80 = 2*t - 5*p. What is the greatest common divisor of t and k?
17
Let o(s) = s**3 + 4*s**2 - 7*s - 6. Let k be o(-5). Suppose -k*z + 0*z + 648 = 0. Let r be z/10 - 1/5. Calculate the highest common divisor of 128 and r.
16
Let x = -17 + 5. Let i = x + 30. Let r(l) = -2*l**2 + 22*l + 33. Let f be r(12). Calculate the highest common divisor of i and f.
9
Let b = -26 + 32. What is the highest common factor of b and 10?
2
Let y be 6/(-9)*-6*1. Suppose 0 = 5*a + 3*x - 693, -2*x - 688 = -9*a + y*a. Let p = 5 + a. Calculate the greatest common divisor of p and 13.
13
Suppose f - 3*f + 3*y + 148 = 0, -404 = -5*f - y. Calculate the highest common factor of 8 and f.
8
Let o be 64/3*30/8. What is the greatest common factor of 10 and o?
10
Let g = 18 + -8. What is the highest common factor of g and 4?
2
Suppose -216 = -2*b - 4*b. Let k be (-2 + -4)/(1/(-4)). Calculate the highest common factor of b and k.
12
Suppose -n + 53 = 3*n - 5*l, 2*l - 18 = -4*n. Suppose 0 = -2*f - 183 + 19. Let w = f + 117. Calculate the highest common factor of n and w.
7
Let r = 1 + 11. What is the greatest common divisor of r and 48?
12
Suppose 15*x - 660 = 4*x. Let h = 25 + -1. Calculate the greatest common factor of h and x.
12
Let q be (-32)/(-2)*1 - -3. Let h = q - 10. Calculate the greatest common divisor of h and 45.
9
Let x = -36 - -26. Let l be -4*(-12)/(-3)*-1. Let k = x + l. What is the highest common factor of k and 48?
6
Suppose 0 = i - 3*t - 2, -5*t = 0. Suppose 2*o - 2*l - 512 = 0, -4*o + i*l = -0*l - 1016. Calculate the greatest common divisor of 28 and o.
28
Let j(v) = 2*v**2 + 3*v - 4. Let o be 76/28 + 2/7. Let f be j(o). What is the highest common factor of f and 69?
23
Let x be (-291)/(-12) + (-3)/12. What is the highest common factor of x and 6?
6
Let y = -10 - -26. Suppose 5*m - 4*t = 19 - 0, -2 = -m - t. Suppose 13 = s - m. Calculate the highest common factor of s and y.
16
Let q = 8 - -3. Calculate the highest common divisor of 110 and q.
11
Let v be 2*(-2 - -3)*6. Let y(i) = -7*i + 1. Let x be y(-1). Let g = 16 + x. Calculate the greatest common factor of v and g.
12
Suppose r - 2*q = -0*q - 14, -r = q + 17. Let p be r*-2*1/2. Suppose -4*y = -0*y - p. What is the highest common factor of y and 32?
4
Suppose 0 = -n - 3*n + 16. Suppose 5*j = b + 53 - 8, -3*b - 3*j - 63 = 0. Let z = -9 - b. Calculate the highest common factor of z and n.
4
Suppose -u - 2*y + 13 = 0, u - 20 = -4*y - 1. Suppose 0 = -2*k + u + 41. Let q = k + -16. Calculate the greatest common factor of q and 1.
1
Suppose y + 2*k - 2 = 2*y, -3*y - 2*k + 18 = 0. What is the greatest common divisor of y and 12?
4
Suppose r = -r + 22. Let f = -4 - -3. Let x = f + 12. What is the highest common factor of r and x?
11
Let t be 0 + (-4)/(-22) - (-3492)/396. Calculate the greatest common divisor of 6 and t.
3
Suppose 0 = -z - v + 11, 3*v + 53 = 4*z - 2*v. Let u = -6 + z. Calculate the greatest common factor of u and 18.
6
Suppose x = -3*a + 18, -a = -3*a - 2. Let f = -13 + x. Calculate the greatest common factor of 40 and f.
8
Suppose -6*o + 8 = -2*o. Suppose m = -3*q + 60, -o*q + 6*m = 4*m - 40. Suppose -2*r + t = -12, -4*t = 6 + 10. Calculate the greatest common factor of r and q.
4
Let w = -180 + 207. Calculate the greatest common factor of w and 3.
3
Let f = -2 - 0. Let g be 210 - (f + 0)/(-2). Calculate the highest common divisor of 19 and g.
19
Let x(j) = -61*j**2 - j - 1. Let y be x(-1). Let r = y + 121. Calculate the highest common factor of 150 and r.
30
Suppose -41 = -c - 3*j + 52, -4*j + 432 = 5*c. Calculate the greatest common factor of 12 and c.
12
Suppose -5*p + 14 = -m, 5*m = p + 1 + 1. Suppose p*x = -0*x + 60. What is the highest common divisor of x and 8?
4
Suppose -4*r = -7*r + 450. Calculate the highest common factor of 60 and r.
30
Let o be 14/(-4) + 6/12. Let n be (o/((-12)/(-32)))/(-2). What is the greatest common factor of 28 and n?
4
Suppose -3*z + 4*z - 25 = 0. Calculate the highest common factor of 125 and z.
25
Let i(a) = -a**3 - 4*a**2 + 7*a - 4. Let y be i(-6). Let l = -12 + y. Let q = -4 + l. Calculate the greatest common divisor of 5 and q.
5
Let s(j) = j - 2. Let y be s(2). Suppose y = -2*g + 6*g - 16. Suppose -2*i - 5*k + 14 = 0, 3*k + g = k. Calculate the greatest common divisor of i and 12.
12
Let i = 1232 - -860. Let r be 1*1*-2*i. Let x be (-4)/(-14) + r/(-56). Calculate the highest common divisor of x and 15.
15
Let l(s) = 23*s**3 - 2*s**2 + s. Let f be l(1). Let d = -17 - -50. What is the greatest common factor of d and f?
11
Let k be (-1058)/(-12) - (-6)/(-36). What is the greatest common divisor of k and 22?
22
Let f be (-423)/(-39) + (-2)/(-13). What is the greatest common factor of f and 11?
11
Let c = -73 - -91. What is the highest common divisor of 9 and c?
9
Suppose 4*o - 2*l - 22 = 0, 0*o + 4*o - 31 = -l. Let r(b) = 13*b + 1. Let j be r(1). Let u = j + o. What is the highest common factor of u and 42?
21
Suppose 4*d = -r + 67, 2*r - 6*r = -d + 38. What is the highest common factor of 18 and d?
18
Let i be (-3)/(-1) - -1 - -1. Suppose -2*p + 9 = -5*a, 0 = -i*p + a - 4 + 15. What is the greatest common factor of p and 22?
2
Let o(u) = u**2 + 8*u - 7. Let d be o(-9). Suppose -9 = d*q - 129. Let n be 1/2 - (-47)/2. Calculate the highest common factor of q and n.
12
Let k = 77 + -39. Calculate the highest common divisor of 57 and k.
19
Let o be (-91)/26*-2*1. Calculate the highest common divisor of 21 and o.
7
Let v = 11 - -36. Calculate the highest common factor of v and 470.
47
Let b be (3 + 21)*54/8. Let l(w) = -4*w**2 + 4*w - 5*w**2 - 3 + w**3 + 7*w**2 + 0*w. Let f be l(3). What is the greatest common divisor of f and b?
18
Let m(d) = d**2 - 3*d + 1. Let o(y) = y**3 + y**2 + 5. Let q be o(0). Let j be m(q). Calculate the greatest common factor of j and 33.
11
Suppose 32 + 64 = 2*h. Suppose 4 = f - 20. Suppose -3*m - 4*x + f = 0, -4*x = -2*m - 0*x + 36. What is the greatest common factor of m and h?
12
Let b = 69 - 47. Suppose w + 5 = 2*h - b, 0 = -5*w - 25. What is the greatest common divisor of 11 and h?
11
Let k be 2 - 5/(5/(-651)). Suppose -k = -4*p + i + 53, -5*p = i - 878. Let j be 5/((-10)/4) + 24. Calculate the greatest common factor of p and j.
22
Let j = 25 - 20. Calculate the greatest common factor of 1 and j.
1
Let d be 18/(-8)*(2 - 6). Let x(n) = -5*n**3 - 2*n**2 - n. Let w be x(-1). Suppose -495 = -w*v - v. What is the highest common divisor of v and d?
9
Let t = 9 +